pose -l + 63 = 5. Suppose 3*s - y = l, s + 4*y = -s + 20. Suppose 0*d - 10 = -d. What is the remainder when s is divided by d?
8
Let r(p) = p**2 + p + 8. Suppose 0 = 4*c - 9*c. Calculate the remainder when 14 is divided by r(c).
6
Let j = -707 - -406. Calculate the remainder when 2/3 - j/21 is divided by 6.
3
Let n(k) = -k**2 + 9*k - 7. What is the remainder when n(5) is divided by -2 + (-1)/(-1) + 8?
6
Let b(z) = 9*z**2 + z + 1. Calculate the remainder when 24 is divided by b(-1).
6
Let v(s) = 35*s. Suppose -5*j = 4*u - 44, -4*j - 4*u = -6*u - 56. What is the remainder when v(1) is divided by j?
11
Let h be ((-2)/(-4))/(3/30). Let g be (-10)/(1*2/(-8)). Suppose 10 - g = -h*n. What is the remainder when 17 is divided by n?
5
Let a be -2 + (20 - 1) - 1. Let x = a + -2. Calculate the remainder when 54 is divided by x.
12
Suppose l - 4*l = 4*k + 4, -2*k - 2 = -2*l. Let r be -2 + (-2 - 32 - l). Let g = 52 + r. What is the remainder when 46 is divided by g?
14
Let q(j) = j**3 - 8*j**2 - 10*j + 17. Calculate the remainder when 13 is divided by q(9).
5
Suppose -8 = 6*o - 2*o. Let z = o + 19. Suppose c = -0 + z. What is the remainder when 32 is divided by c?
15
Let o(t) = -17*t + 4. Let i(v) = -2*v**2 - 14*v + 2. What is the remainder when o(-3) is divided by i(-6)?
13
Suppose 0 = 2*c - 2, -2*c + 0*c + 10 = 2*n. Suppose -2*o = 3*v + 2*o - 71, -5*v = -n*o - 65. What is the remainder when v is divided by 9?
8
Suppose 0 = 5*q - 5*a - 110, a - 4 = -5*q + 76. What is the remainder when 32 is divided by q?
15
Suppose i + 10 + 18 = 0. Let r = i + 45. Calculate the remainder when 49 is divided by r.
15
Let x(t) = 8*t - 2. Let l(p) = -p**3 - 2*p**2 - 3*p - 3. Let d(y) = -2*y + 12. Let o be d(8). What is the remainder when l(o) is divided by x(2)?
13
Let m = 75 - 62. Let z be (-75)/(-3)*(2 + -1). Let u = z + 12. What is the remainder when u is divided by m?
11
Let a(d) = 10*d. What is the remainder when a(5) is divided by (-3)/2*238/(-21)?
16
Let l(p) = 2*p. Let j = -3 - -7. Suppose j*t - 11 = 5*i + 32, -5*t + 38 = -i. What is the remainder when 26 is divided by l(t)?
12
Let b = 6 - 8. Let t = b - -7. Suppose -t*s = -2*s - 5*u - 16, 5*s - 52 = 2*u. What is the remainder when 35 is divided by s?
11
Let z = -46 + 78. Let l = 75 - 29. Suppose -4*b + 2*i = -l, -b - 4*i - 26 = -3*b. Calculate the remainder when z is divided by b.
10
Suppose -u + 2 = -3. Calculate the remainder when 16 is divided by u.
1
Suppose -2*m + 0*s + 16 = -2*s, -4*m = 3*s - 32. Let v(w) be the first derivative of w**2/2 - 7*w + 3. What is the remainder when v(m) is divided by 1?
0
Suppose 5*q = 11 + 29. Let h(j) = -j - 2. Let n be h(-7). Suppose n*i - i = -k + 85, -5*k + 51 = 3*i. Calculate the remainder when i is divided by q.
6
Suppose -7 = -3*m + 2. Suppose -7 - 3 = -x. Calculate the remainder when x is divided by m.
1
Let l = -1 + 7. Suppose -3*j + 15 = 2*c - c, -2*j + 10 = -c. Let v(u) = -u**2 + 6*u - 1. Calculate the remainder when l is divided by v(j).
2
Let x = 121 - 99. Calculate the remainder when 130 is divided by x.
20
Let v(p) = -7*p**3 - p**2 - 2*p - 1. Let n be v(-1). Let c(y) = y**3 - 7*y**2 + 8. Calculate the remainder when 22 is divided by c(n).
6
Let j(h) = h**3 + 7*h**2 - 4*h + 7. What is the remainder when j(-7) is divided by 18?
17
Suppose 4*v + 9 = -11. Let z = 29 + v. Let h = -6 - -19. Calculate the remainder when z is divided by h.
11
Let f(r) = -8*r + 2. What is the remainder when 250 is divided by f(-5)?
40
Let b = 23 - 13. Suppose 0 = 4*d - 8. Suppose 0 = 3*t - d*t - 29. What is the remainder when t is divided by b?
9
Let c(v) = -5*v**3 - v**2 + v + 1. Let u be c(-2). Let k = u - 15. What is the remainder when k is divided by 7?
6
Suppose 0 = 5*k - 8*k + 15. What is the remainder when 11 is divided by k?
1
Let h(f) = -f**3 - f**2 - 1. Let t = 0 + 1. Calculate the remainder when h(-2) is divided by t.
0
Suppose 0 = -3*p - 28 - 17. Calculate the remainder when 43 is divided by 1/(-5) + (-168)/p.
10
Let w be ((-25)/3)/((-1)/(-3)). Let a = w + 35. What is the remainder when a is divided by (36/42)/((-4)/(-28))?
4
Suppose 15 - 1 = -3*h - 5*t, 4*h = 5*t + 28. Suppose -63 = -h*s - s. Calculate the remainder when 62 is divided by s.
20
Let a = 41 + 11. Calculate the remainder when 362 is divided by a.
50
Suppose -r + 15 = 2*x, r - 4*r - 4*x = -35. Suppose r*t - 30 - 90 = 0. Calculate the remainder when t is divided by 13.
11
Suppose 3*j - 24 = -3. Suppose 0 = -4*m + 3*m + 11. What is the remainder when m is divided by j?
4
Suppose 0 = 3*x + x. Let z(g) = g**2 - g + 9. Suppose -d + 80 = 4*d. What is the remainder when d is divided by z(x)?
7
Suppose 4*k + 70 = 26. Let l = -10 - k. Calculate the remainder when 3 is divided by l.
0
Let f(u) = u**3 + u**2 - 2*u - 1. Let n be f(-2). Calculate the remainder when (10 + 0)*(-12)/(-5) is divided by (-3)/(-3) + n + 13.
11
Let r be 26 + -2 + -1 + -1. Let y = r - 5. Let h(x) = -2*x - 5. Calculate the remainder when y is divided by h(-7).
8
Suppose -5*t + 1198 - 118 = 0. Suppose -p + t = 2*p. Let x = p + -50. Calculate the remainder when x is divided by 12.
10
Suppose -5*q - 24 = -6*q. Calculate the remainder when 45 is divided by q.
21
Calculate the remainder when (-760)/(-32) - -9 - 3/4 is divided by 9.
5
Suppose -4*b = -0*b - 8. Suppose 4*s - 3*s = -b. Let y = s - -16. What is the remainder when y is divided by 5?
4
Suppose 3*u - 7*u = a - 161, 12 = -4*a. Calculate the remainder when u is divided by (3 - 1) + (17 - -2).
20
Let s(c) = c**3 - c**2 - 6*c + 3. Let w be s(4). Calculate the remainder when 55 is divided by (-173)/(-9) + (-6)/w.
17
Suppose -j = 4*j + 60. Let y be j/(-4) + (-1 - -2). Suppose -5*i = -y*i + l - 8, 2*i + 4*l = 8. What is the remainder when 34 is divided by i?
10
Let v(l) be the first derivative of -l**2/2 + 7*l - 3. What is the remainder when (-34)/(-6)*(-6)/(-1) is divided by v(-5)?
10
Let f = -36 + 102. Calculate the remainder when 3576/f + 4/(-22) is divided by 14.
12
Let l = -1 + 11. Let k(q) = -q + 1. Let b be k(-2). What is the remainder when (-174)/(-9) + b/(-9) is divided by l?
9
Let o(m) be the second derivative of -7*m**3/6 - m**2 + 2*m. Calculate the remainder when 45 is divided by o(-2).
9
Suppose 0 = -4*h + 5*h - 43. What is the remainder when h is divided by 22?
21
Let o(y) = -y**2 + 7*y - 4. Suppose -2 = w - 7. Let g be o(w). Suppose -g*d = -d - 10. Calculate the remainder when 5 is divided by d.
1
Let a(r) = r**3 + 7*r**2 - 9*r - 3. Let x be a(-8). Let s = 13 + x. Calculate the remainder when 53 is divided by s.
17
Let r = 72 - 23. Let b = r + -27. Calculate the remainder when 86 is divided by b.
20
Let m = 19 - 12. Suppose m = 2*v + 3. Suppose 0*d + d - 2 = 0. What is the remainder when d is divided by v?
0
Let z = -6 - -11. Suppose -z*n - i + 191 = 53, 2*i = 3*n - 88. Calculate the remainder when 54 is divided by n.
26
Let s be -3 - (24/(-2) - 1). Calculate the remainder when 40 is divided by 44/3 + s/(-15).
12
Suppose 4*x - x = 99. Suppose 0 = 2*v - 0*j - 2*j - 22, 6 = -3*j. What is the remainder when x is divided by v?
6
Suppose 0 = 3*x + f - 2*f - 157, -x + 29 = -5*f. Let s = x + -7. Calculate the remainder when s is divided by 13.
8
Let o be (0/(-1))/(-1 + 2). Suppose 3*x + 28 - 76 = o. Calculate the remainder when 46 is divided by x.
14
Let x be 108/20 + 2/(-5). Suppose 5*c - 3 = 4*u + 33, -20 = x*u. Calculate the remainder when 3 + 6 + -1 + -1 is divided by c.
3
Let j = -5 + 7. Suppose j*i - t = -10 + 31, -i + t = -10. Suppose -x = 2 - i. Calculate the remainder when 16 is divided by x.
7
Suppose -h - 51 = -4*h. Calculate the remainder when 67 is divided by h.
16
Calculate the remainder when -3 + 42 - (1 - 2) is divided by 11.
7
Let j = 42 - 34. Let y(s) = 1 + 15 - 5 - s**2 + 9*s. Calculate the remainder when 56 is divided by y(j).
18
Suppose 5*u - 103 + 28 = -5*q, 3*q = -2*u + 26. Let o = 76 + -20. What is the remainder when o is divided by u?
18
Suppose 0 = -g + 10 + 13. Let w(c) = c**3 + 15*c**2 + 27*c + 19. Calculate the remainder when g is divided by w(-13).
5
Let j be 2 - ((-3 - -2) + 1). Suppose 0*n - 2*n + 26 = j*h, 3*n + 46 = 2*h. What is the remainder when 49 is divided by h?
15
Let z be (-2)/5 - 3/5. Calculate the remainder when 48 is divided by -1 + (0 + z - -19).
14
Sup